[INFO] fetching crate sxx 1.0.0...
[INFO] checking sxx-1.0.0 against master#9610dfe5a9a731ced1ea4923ecbd0c57fe367898 for beta-170-4
[INFO] extracting crate sxx 1.0.0 into /workspace/builds/worker-6-tc1/source
[INFO] validating manifest of crates.io crate sxx 1.0.0 on toolchain 9610dfe5a9a731ced1ea4923ecbd0c57fe367898
[INFO] running `Command { std: CARGO_HOME="/workspace/cargo-home" RUSTUP_HOME="/workspace/rustup-home" "/workspace/cargo-home/bin/cargo" "+9610dfe5a9a731ced1ea4923ecbd0c57fe367898" "metadata" "--manifest-path" "Cargo.toml" "--no-deps", kill_on_drop: false }`
[INFO] started tweaking crates.io crate sxx 1.0.0
[INFO] finished tweaking crates.io crate sxx 1.0.0
[INFO] tweaked toml for crates.io crate sxx 1.0.0 written to /workspace/builds/worker-6-tc1/source/Cargo.toml
[INFO] crate crates.io crate sxx 1.0.0 already has a lockfile, it will not be regenerated
[INFO] running `Command { std: CARGO_HOME="/workspace/cargo-home" RUSTUP_HOME="/workspace/rustup-home" "/workspace/cargo-home/bin/cargo" "+9610dfe5a9a731ced1ea4923ecbd0c57fe367898" "fetch" "--manifest-path" "Cargo.toml", kill_on_drop: false }`
[INFO] [stderr] warning: only one of `license` or `license-file` is necessary
[INFO] [stderr] `license` should be used if the package license can be expressed with a standard SPDX expression.
[INFO] [stderr] `license-file` should be used if the package uses a non-standard license.
[INFO] [stderr] See https://doc.rust-lang.org/cargo/reference/manifest.html#the-license-and-license-file-fields for more information.
[INFO] running `Command { std: "docker" "create" "-v" "/var/lib/crater-agent-workspace/builds/worker-6-tc1/target:/opt/rustwide/target:rw,Z" "-v" "/var/lib/crater-agent-workspace/builds/worker-6-tc1/source:/opt/rustwide/workdir:ro,Z" "-v" "/var/lib/crater-agent-workspace/cargo-home:/opt/rustwide/cargo-home:ro,Z" "-v" "/var/lib/crater-agent-workspace/rustup-home:/opt/rustwide/rustup-home:ro,Z" "-e" "SOURCE_DIR=/opt/rustwide/workdir" "-e" "CARGO_TARGET_DIR=/opt/rustwide/target" "-e" "CARGO_HOME=/opt/rustwide/cargo-home" "-e" "RUSTUP_HOME=/opt/rustwide/rustup-home" "-w" "/opt/rustwide/workdir" "-m" "1610612736" "--user" "0:0" "--network" "none" "ghcr.io/rust-lang/crates-build-env/linux@sha256:19e73879b68f455e41552ea35293514db52ea292d993f571636dbffedb77a1ee" "/opt/rustwide/cargo-home/bin/cargo" "+9610dfe5a9a731ced1ea4923ecbd0c57fe367898" "metadata" "--no-deps" "--format-version=1", kill_on_drop: false }`
[INFO] [stdout] 8abaca08b5cc8beb97b5099d04fd8386416f219cc76d9897660452687d2ec448
[INFO] running `Command { std: "docker" "start" "-a" "8abaca08b5cc8beb97b5099d04fd8386416f219cc76d9897660452687d2ec448", kill_on_drop: false }`
[INFO] running `Command { std: "docker" "inspect" "8abaca08b5cc8beb97b5099d04fd8386416f219cc76d9897660452687d2ec448", kill_on_drop: false }`
[INFO] running `Command { std: "docker" "rm" "-f" "8abaca08b5cc8beb97b5099d04fd8386416f219cc76d9897660452687d2ec448", kill_on_drop: false }`
[INFO] [stdout] 8abaca08b5cc8beb97b5099d04fd8386416f219cc76d9897660452687d2ec448
[INFO] running `Command { std: "docker" "create" "-v" "/var/lib/crater-agent-workspace/builds/worker-6-tc1/target:/opt/rustwide/target:rw,Z" "-v" "/var/lib/crater-agent-workspace/builds/worker-6-tc1/source:/opt/rustwide/workdir:ro,Z" "-v" "/var/lib/crater-agent-workspace/cargo-home:/opt/rustwide/cargo-home:ro,Z" "-v" "/var/lib/crater-agent-workspace/rustup-home:/opt/rustwide/rustup-home:ro,Z" "-e" "SOURCE_DIR=/opt/rustwide/workdir" "-e" "CARGO_TARGET_DIR=/opt/rustwide/target" "-e" "CARGO_INCREMENTAL=0" "-e" "RUST_BACKTRACE=full" "-e" "RUSTFLAGS=--cap-lints=forbid" "-e" "RUSTDOCFLAGS=--cap-lints=forbid" "-e" "CARGO_HOME=/opt/rustwide/cargo-home" "-e" "RUSTUP_HOME=/opt/rustwide/rustup-home" "-w" "/opt/rustwide/workdir" "-m" "1610612736" "--user" "0:0" "--network" "none" "ghcr.io/rust-lang/crates-build-env/linux@sha256:19e73879b68f455e41552ea35293514db52ea292d993f571636dbffedb77a1ee" "/opt/rustwide/cargo-home/bin/cargo" "+9610dfe5a9a731ced1ea4923ecbd0c57fe367898" "check" "--frozen" "--all" "--all-targets" "--message-format=json", kill_on_drop: false }`
[INFO] [stdout] bf4479ad52804ec70e59d47df0cd8ac1d13d9c5fcd949759c6c334a62b5a4884
[INFO] running `Command { std: "docker" "start" "-a" "bf4479ad52804ec70e59d47df0cd8ac1d13d9c5fcd949759c6c334a62b5a4884", kill_on_drop: false }`
[INFO] [stderr] warning: only one of `license` or `license-file` is necessary
[INFO] [stderr] `license` should be used if the package license can be expressed with a standard SPDX expression.
[INFO] [stderr] `license-file` should be used if the package uses a non-standard license.
[INFO] [stderr] See https://doc.rust-lang.org/cargo/reference/manifest.html#the-license-and-license-file-fields for more information.
[INFO] [stderr]    Compiling io-lifetimes v1.0.10
[INFO] [stderr]    Compiling proc-macro2 v1.0.58
[INFO] [stderr]    Compiling rustix v0.37.19
[INFO] [stderr]     Checking linux-raw-sys v0.3.8
[INFO] [stderr]    Compiling quote v1.0.27
[INFO] [stderr]     Checking clap_lex v0.5.0
[INFO] [stderr]    Compiling syn v2.0.16
[INFO] [stderr]     Checking is-terminal v0.4.7
[INFO] [stderr]     Checking anstream v0.3.2
[INFO] [stderr]     Checking clap_builder v4.3.0
[INFO] [stderr]    Compiling clap_derive v4.3.0
[INFO] [stderr]     Checking clap v4.3.0
[INFO] [stderr]     Checking sxx v1.0.0 (/opt/rustwide/workdir)
[INFO] [stdout] error[E0433]: failed to resolve: could not find `windows` in `os`
[INFO] [stdout]  --> src/main.rs:2:14
[INFO] [stdout]   |
[INFO] [stdout] 2 | use std::os::windows::prelude::FileExt;
[INFO] [stdout]   |              ^^^^^^^ could not find `windows` in `os`
[INFO] [stdout] 
[INFO] [stdout] 
[INFO] [stdout] error[E0433]: failed to resolve: could not find `windows` in `os`
[INFO] [stdout]  --> src/main.rs:2:14
[INFO] [stdout]   |
[INFO] [stdout] 2 | use std::os::windows::prelude::FileExt;
[INFO] [stdout]   |              ^^^^^^^ could not find `windows` in `os`
[INFO] [stdout] 
[INFO] [stdout] 
[INFO] [stdout] error[E0599]: no method named `seek_write` found for struct `File` in the current scope
[INFO] [stdout]    --> src/main.rs:128:27
[INFO] [stdout]     |
[INFO] [stdout] 128 |                 writefile.seek_write(&data.buff[0..data.lenth], data.seek_index as u64);
[INFO] [stdout]     |                           ^^^^^^^^^^ method not found in `File`
[INFO] [stdout] 
[INFO] [stdout] 
[INFO] [stdout] error[E0599]: no method named `seek_write` found for struct `File` in the current scope
[INFO] [stdout]    --> src/main.rs:128:27
[INFO] [stdout]     |
[INFO] [stdout] 128 |                 writefile.seek_write(&data.buff[0..data.lenth], data.seek_index as u64);
[INFO] [stdout]     |                           ^^^^^^^^^^ method not found in `File`
[INFO] [stdout] 
[INFO] [stdout] 
[INFO] [stdout] error: aborting due to 2 previous errors
[INFO] [stdout] 
[INFO] [stdout] 
[INFO] [stdout] error: aborting due to 2 previous errors
[INFO] [stdout] 
[INFO] [stdout] 
[INFO] [stdout] Some errors have detailed explanations: E0433, E0599.
[INFO] [stdout] 
[INFO] [stdout] Some errors have detailed explanations: E0433, E0599.
[INFO] [stdout] 
[INFO] [stdout] For more information about an error, try `rustc --explain E0433`.
[INFO] [stdout] 
[INFO] [stdout] For more information about an error, try `rustc --explain E0433`.
[INFO] [stdout] 
[INFO] [stderr] error: could not compile `sxx` (bin "sxx" test) due to 3 previous errors
[INFO] [stderr] warning: build failed, waiting for other jobs to finish...
[INFO] [stderr] error: could not compile `sxx` (bin "sxx") due to 3 previous errors
[INFO] running `Command { std: "docker" "inspect" "bf4479ad52804ec70e59d47df0cd8ac1d13d9c5fcd949759c6c334a62b5a4884", kill_on_drop: false }`
[INFO] running `Command { std: "docker" "rm" "-f" "bf4479ad52804ec70e59d47df0cd8ac1d13d9c5fcd949759c6c334a62b5a4884", kill_on_drop: false }`
[INFO] [stdout] bf4479ad52804ec70e59d47df0cd8ac1d13d9c5fcd949759c6c334a62b5a4884
